{"id":2510,"date":"2023-02-06T17:24:25","date_gmt":"2023-02-06T22:24:25","guid":{"rendered":"https:\/\/cimentiersdynamiques.com\/?page_id=2510"},"modified":"2025-03-07T12:03:29","modified_gmt":"2025-03-07T17:03:29","slug":"carriere","status":"publish","type":"page","link":"https:\/\/cimentiersdynamiques.com\/index.php\/carriere\/","title":{"rendered":"Carri\u00e8re"},"content":{"rendered":"<!--themify_builder_content-->\n<div id=\"themify_builder_content-2510\" data-postid=\"2510\" class=\"themify_builder_content themify_builder_content-2510 themify_builder tf_clear\">\n    \t\t\t\t<div  data-lazy=\"1\" class=\"module_row themify_builder_row tb_ipbs740 tb_first tf_w\">\n\t\t\t<span class=\"builder_row_cover tf_abs\"><\/span>\t\t\t<div class=\"row_inner col_align_top tb_col_count_2 tf_box tf_rel\">\n\t\t\t\t\t\t<div  data-lazy=\"1\" class=\"module_column tb-column col3-2 tb_p2qg740 first\">\n\t\t\t\t\t<!-- module text -->\n<div  class=\"module module-text tb_qrbk740   \" data-lazy=\"1\">\n\t    <div  class=\"tb_text_wrap\">\n\t\t<h1>&#8211; FAIRE CARRI\u00c8RE &#8211;<\/h1>\n<p>CHEZ CIMENTIERS DYNAMIQUES &amp; TRANSPORTS CD DYNAMIQUES<\/p>    <\/div>\n<\/div>\n<!-- \/module text -->\t\t<\/div>\n\t\t\t\t\t<div  data-lazy=\"1\" class=\"module_column tb-column col3-1 tb_7h1r741 last\">\n\t\t\t\t\t\t\t<\/div>\n\t\t\t\t\t\t<\/div>\n\t\t<\/div>\n\t\t\t\t\t\t<div  data-lazy=\"1\" class=\"module_row themify_builder_row tb_w3q4545 tf_w\">\n\t\t\t\t\t\t<div class=\"row_inner col_align_top gutter-none tb_col_count_2 tf_box tf_rel\">\n\t\t\t\t\t\t<div  data-lazy=\"1\" class=\"module_column tb-column col4-2 tb_pe2x551 first\">\n\t\t\t\t\t<!-- module text -->\n<div  class=\"module module-text tb_70x5553   \" data-lazy=\"1\">\n\t    <div  class=\"tb_text_wrap\">\n\t\t<h2 style=\"text-align: center;\"><span style=\"color: #333333;\">Rejoindre la famille Cimentiers Dynamiques &amp; Transports CD Dynamiques <\/span><span style=\"color: #333333;\">est la premi\u00e8re \u00e9tape vers un avenir prometteur !<\/span><\/h2>    <\/div>\n<\/div>\n<!-- \/module text -->\t\t<div  data-lazy=\"1\" class=\"module_subrow themify_builder_sub_row tf_w col_align_top tb_col_count_1 tb_mvms559\">\n\t\t\t\t<div  data-lazy=\"1\" class=\"module_column sub_column col-full tb_g41o562 first\">\n\t\t\t\t\t<!-- module text -->\n<div  class=\"module module-text tb_bdbv563   \" data-lazy=\"1\">\n\t    <div  class=\"tb_text_wrap\">\n\t\t<p style=\"text-align: center;\">Tu as envie de relev\u00e9 de nouveaux d\u00e9fis, de faire de nouvelles connaissances, te faire bronzer toute en travaillant et m\u00eame d&rsquo;en apprendre plus sur le m\u00e9tier d&rsquo;installateur de piscine ?<\/p>    <\/div>\n<\/div>\n<!-- \/module text --><!-- module text -->\n<div  class=\"module module-text tb_19m1565   \" data-lazy=\"1\">\n\t    <div  class=\"tb_text_wrap\">\n\t\t<h1 style=\"text-align: center;\">CET EMPLOI EST POUR TOI !<\/h1>    <\/div>\n<\/div>\n<!-- \/module text --><!-- module image -->\n<div  class=\"module module-image tb_ekc6112 image-top   tf_mw\" data-lazy=\"1\">\n        <div class=\"image-wrap tf_rel tf_mw\">\n\t\t    <img loading=\"lazy\" decoding=\"async\" width=\"2560\" height=\"1707\" src=\"https:\/\/cimentiersdynamiques.com\/wp-content\/uploads\/2023\/02\/IMG_0399-5-scaled.jpg\" class=\"wp-post-image wp-image-2762\" title=\"IMG_0399\" alt=\"IMG_0399\" srcset=\"https:\/\/cimentiersdynamiques.com\/wp-content\/uploads\/2023\/02\/IMG_0399-5-scaled.jpg 2560w, https:\/\/cimentiersdynamiques.com\/wp-content\/uploads\/2023\/02\/IMG_0399-5-300x200.jpg 300w, https:\/\/cimentiersdynamiques.com\/wp-content\/uploads\/2023\/02\/IMG_0399-5-1024x683.jpg 1024w, https:\/\/cimentiersdynamiques.com\/wp-content\/uploads\/2023\/02\/IMG_0399-5-768x512.jpg 768w, https:\/\/cimentiersdynamiques.com\/wp-content\/uploads\/2023\/02\/IMG_0399-5-1536x1024.jpg 1536w, https:\/\/cimentiersdynamiques.com\/wp-content\/uploads\/2023\/02\/IMG_0399-5-2048x1365.jpg 2048w\" sizes=\"auto, (max-width: 2560px) 100vw, 2560px\" \/>\t\n\t\t<\/div>\n\t<!-- \/image-wrap -->\n    \n    \t<\/div>\n<!-- \/module image -->\t\t<\/div>\n\t\t\t\t\t<\/div>\n\t\t\t\t<\/div>\n\t\t\t\t\t<div  data-lazy=\"1\" class=\"module_column tb-column col4-2 tb_vwca567 last\">\n\t\t\t\t\t<!-- module image -->\n<div  class=\"module module-image tb_wiw5568 image-center   auto_fullwidth tf_mw\" data-lazy=\"1\">\n        <div class=\"image-wrap tf_rel tf_mw\">\n\t\t    <img loading=\"lazy\" decoding=\"async\" src=\"https:\/\/cimentiersdynamiques.com\/wp-content\/uploads\/2023\/02\/IMG_0625-1024x683-720x480.jpg\" width=\"720\" height=\"480\" class=\"wp-post-image wp-image-2748\" title=\"IMG_0625\" alt=\"IMG_0625\" srcset=\"https:\/\/cimentiersdynamiques.com\/wp-content\/uploads\/2023\/02\/IMG_0625-1024x683-720x480.jpg 720w, https:\/\/cimentiersdynamiques.com\/wp-content\/uploads\/2023\/02\/IMG_0625-300x200.jpg 300w, https:\/\/cimentiersdynamiques.com\/wp-content\/uploads\/2023\/02\/IMG_0625-1024x683.jpg 1024w, https:\/\/cimentiersdynamiques.com\/wp-content\/uploads\/2023\/02\/IMG_0625-768x512.jpg 768w, https:\/\/cimentiersdynamiques.com\/wp-content\/uploads\/2023\/02\/IMG_0625-1536x1024.jpg 1536w, https:\/\/cimentiersdynamiques.com\/wp-content\/uploads\/2023\/02\/IMG_0625-2048x1365.jpg 2048w\" sizes=\"auto, (max-width: 720px) 100vw, 720px\" \/>\t\n\t\t<\/div>\n\t<!-- \/image-wrap -->\n    \n    \t<\/div>\n<!-- \/module image --><!-- module text -->\n<div  class=\"module module-text tb_8gai566   \" data-lazy=\"1\">\n\t    <div  class=\"tb_text_wrap\">\n\t\t<h2 style=\"text-align: center;\"><span style=\"color: #333333;\">Actifs(ves), d\u00e9brouillards(es) et ponctuels(es) sont les seuls pr\u00e9requis.<\/span><\/h2>    <\/div>\n<\/div>\n<!-- \/module text --><!-- module fancy heading -->\n<div  class=\"module module-fancy-heading tb_6xwj45 \" data-lazy=\"1\">\n\t    <h1 class=\"fancy-heading tf_textc\">\n    <span class=\"main-head tf_block\">\n\t\t\t\t\t Joint toi \u00e0 la famille !\t\t    <\/span>\n\n\t\n    <span class=\"sub-head tf_block tf_rel\">\n\t\t\t\t\t\t\t    <\/span>\n    <\/h1>\n<\/div>\n<!-- \/module fancy heading -->\n\t\t<\/div>\n\t\t\t\t\t\t<\/div>\n\t\t<\/div>\n\t\t\t\t\t\t<div  data-lazy=\"1\" class=\"module_row themify_builder_row tb_159o545 tf_w\">\n\t\t\t\t\t\t<div class=\"row_inner col_align_top tb_col_count_1 tf_box tf_rel\">\n\t\t\t\t\t\t<div  data-lazy=\"1\" class=\"module_column tb-column col-full tb_p4wj570 first\">\n\t\t\t\t\t<!-- module fancy heading -->\n<div  class=\"module module-fancy-heading tb_0ydg369 \" data-lazy=\"1\">\n\t    <h3 class=\"fancy-heading tf_textc\">\n    <span class=\"main-head tf_block\">\n\t\t\t\t\tNOS OFFRES D'EMPLOIS\t\t    <\/span>\n\n\t\n    <span class=\"sub-head tf_block tf_rel\">\n\t\t\t\t\t\t\t    <\/span>\n    <\/h3>\n<\/div>\n<!-- \/module fancy heading -->\n\t\t<div  data-lazy=\"1\" class=\"module_subrow themify_builder_sub_row tf_w col_align_top tb_col_count_3 tb_8tsb571\">\n\t\t\t\t<div  data-lazy=\"1\" class=\"module_column sub_column col3-1 tb_nmza571 first\">\n\t\t\t\t\t<!-- module image -->\n<div  class=\"module module-image tb_5a1j572 image-center   tf_mw tb_gs4245d6\" data-lazy=\"1\">\n        <div class=\"image-wrap tf_rel tf_mw\">\n\t\t    <img loading=\"lazy\" decoding=\"async\" src=\"https:\/\/cimentiersdynamiques.com\/wp-content\/uploads\/2022\/09\/IMG_0542-683x1024-308x291.jpg\" width=\"308\" height=\"291\" class=\"wp-post-image wp-image-1933\" title=\"JOURNALIERS \/ JOURNALI\u00c8RES\" alt=\"JOURNALIERS \/ JOURNALI\u00c8RES\">\t\n\t\t<\/div>\n\t<!-- \/image-wrap -->\n    \n    \t<div class=\"image-content\">\n\t    \t\t\t<h3 class=\"image-title\">\n\t\t\t\t\t\t\t\t\tJOURNALIERS \/ JOURNALI\u00c8RES\t\t\t\t\t\t\t<\/h3>\n\t    \t    \t<\/div>\n\t<!-- \/image-content -->\n    \t<\/div>\n<!-- \/module image --><!-- module buttons -->\n<div  class=\"module module-buttons tb_h1s9428 buttons-horizontal outline   squared\" data-lazy=\"1\">\n\t\t<div class=\"module-buttons-item tf_in_flx\">\n\t\t\t\t\t\t<a href=\"https:\/\/cimentiersdynamiques.com\/index.php\/journaliers\/\" class=\"ui builder_button tf_in_flx black\" >\n\t\t\t\t\t\t\t\t\t\t\t\tpostulez\t\t\t\t\t\t\t\t\t\t<em><svg  class=\"tf_fa tf-ti-hummer\" aria-hidden=\"true\"><use href=\"#tf-ti-hummer\"><\/use><\/svg><\/em>\t\t\t\t\t\t\t<\/a>\n\t\t\t\t<\/div>\n\t\t\t<\/div>\n<!-- \/module buttons -->\n\t\t<\/div>\n\t\t\t\t\t<div  data-lazy=\"1\" class=\"module_column sub_column col3-1 tb_ts8q148\">\n\t\t\t\t\t<!-- module image -->\n<div  class=\"module module-image tb_kl7f148 image-center   tf_mw tb_gs4245d6\" data-lazy=\"1\">\n        <div class=\"image-wrap tf_rel tf_mw\">\n\t\t    <img loading=\"lazy\" decoding=\"async\" src=\"https:\/\/cimentiersdynamiques.com\/wp-content\/uploads\/2025\/01\/458500591_486404034266340_7400955736437248684_n-897x1024-308x291.jpg\" width=\"308\" height=\"291\" class=\"wp-post-image wp-image-3347\" title=\"CHAUFFEURS \/ CHAUFFEUSES\" alt=\"CAMIONS-BENNES\">\t\n\t\t<\/div>\n\t<!-- \/image-wrap -->\n    \n    \t<div class=\"image-content\">\n\t    \t\t\t<h3 class=\"image-title\">\n\t\t\t\t\t\t\t\t\tCHAUFFEURS \/ CHAUFFEUSES\t\t\t\t\t\t\t<\/h3>\n\t    \t    \t\t<div class=\"image-caption tb_text_wrap\">\n\t\t    CAMIONS-BENNES\t    <\/div>\n\t    <!-- \/image-caption -->\n\t    \t<\/div>\n\t<!-- \/image-content -->\n    \t<\/div>\n<!-- \/module image --><!-- module buttons -->\n<div  class=\"module module-buttons tb_54ym149 buttons-horizontal outline   squared\" data-lazy=\"1\">\n\t\t<div class=\"module-buttons-item tf_in_flx\">\n\t\t\t\t\t\t<a href=\"https:\/\/cimentiersdynamiques.com\/index.php\/chauffeurs-chauffeuses-camion\/\" class=\"ui builder_button tf_in_flx black\" >\n\t\t\t\t\t\t\t\t\t\t\t\tpostulez\t\t\t\t\t\t\t\t\t\t<em><svg  class=\"tf_fa tf-ti-truck\" aria-hidden=\"true\"><use href=\"#tf-ti-truck\"><\/use><\/svg><\/em>\t\t\t\t\t\t\t<\/a>\n\t\t\t\t<\/div>\n\t\t\t<\/div>\n<!-- \/module buttons -->\n\t\t<\/div>\n\t\t\t\t\t<div  data-lazy=\"1\" class=\"module_column sub_column col3-1 tb_v3e8636 last\">\n\t\t\t\t\t<!-- module image -->\n<div  class=\"module module-image tb_ueot636 image-center   tf_mw tb_gs4245d6\" data-lazy=\"1\">\n        <div class=\"image-wrap tf_rel tf_mw\">\n\t\t    <img loading=\"lazy\" decoding=\"async\" src=\"https:\/\/cimentiersdynamiques.com\/wp-content\/uploads\/2023\/02\/DSC02155-683x1024-308x291.jpg\" width=\"308\" height=\"291\" class=\"wp-post-image wp-image-2769\" title=\"CHAUFFEURS \/ CHAUFFEUSES\" alt=\"B\u00c9TONNI\u00c8RES\">\t\n\t\t<\/div>\n\t<!-- \/image-wrap -->\n    \n    \t<div class=\"image-content\">\n\t    \t\t\t<h3 class=\"image-title\">\n\t\t\t\t\t\t\t\t\tCHAUFFEURS \/ CHAUFFEUSES\t\t\t\t\t\t\t<\/h3>\n\t    \t    \t\t<div class=\"image-caption tb_text_wrap\">\n\t\t    B\u00c9TONNI\u00c8RES\t    <\/div>\n\t    <!-- \/image-caption -->\n\t    \t<\/div>\n\t<!-- \/image-content -->\n    \t<\/div>\n<!-- \/module image --><!-- module buttons -->\n<div  class=\"module module-buttons tb_1lfj310 buttons-horizontal outline   squared\" data-lazy=\"1\">\n\t\t<div class=\"module-buttons-item tf_in_flx\">\n\t\t\t\t\t\t<a href=\"https:\/\/cimentiersdynamiques.com\/index.php\/chauffeurs-chauffeuses-betonnieres\/\" class=\"ui builder_button tf_in_flx black\" >\n\t\t\t\t\t\t\t\t\t\t\t\tpostulez\t\t\t\t\t\t\t\t\t\t<em><svg  class=\"tf_fa tf-ti-truck\" aria-hidden=\"true\"><use href=\"#tf-ti-truck\"><\/use><\/svg><\/em>\t\t\t\t\t\t\t<\/a>\n\t\t\t\t<\/div>\n\t\t\t<\/div>\n<!-- \/module buttons -->\n\t\t<\/div>\n\t\t\t\t\t<\/div>\n\t\t\t\t<\/div>\n\t\t\t\t\t\t<\/div>\n\t\t<\/div>\n\t\t\t\t\t\t<div  data-lazy=\"1\" class=\"module_row themify_builder_row tb_s59m19 tf_w\">\n\t\t\t\t\t\t<div class=\"row_inner col_align_top gutter-none tb_col_count_3 tf_box tf_rel\">\n\t\t\t\t\t\t<div  data-lazy=\"1\" class=\"module_column tb-column col4-1 tb_e2sw19 first\">\n\t\t\t\t\t<!-- module image -->\n<div  class=\"module module-image tb_vmis19 image-center   tf_mw\" data-lazy=\"1\">\n        <div class=\"image-wrap tf_rel tf_mw\">\n\t\t    <img loading=\"lazy\" decoding=\"async\" src=\"https:\/\/cimentiersdynamiques.com\/wp-content\/uploads\/2020\/04\/stacks-image-1bc93d6-1-365x92.png\" width=\"365\" height=\"92\" class=\"wp-post-image wp-image-540\" title=\"stacks-image-1bc93d6\" alt=\"stacks-image-1bc93d6\" srcset=\"https:\/\/cimentiersdynamiques.com\/wp-content\/uploads\/2020\/04\/stacks-image-1bc93d6-1-365x92.png 365w, https:\/\/cimentiersdynamiques.com\/wp-content\/uploads\/2020\/04\/stacks-image-1bc93d6-1-300x76.png 300w, https:\/\/cimentiersdynamiques.com\/wp-content\/uploads\/2020\/04\/stacks-image-1bc93d6-1-978x248.png 978w, https:\/\/cimentiersdynamiques.com\/wp-content\/uploads\/2020\/04\/stacks-image-1bc93d6-1.png 550w\" sizes=\"auto, (max-width: 365px) 100vw, 365px\" \/>\t\n\t\t<\/div>\n\t<!-- \/image-wrap -->\n    \n    \t<\/div>\n<!-- \/module image --><!-- module text -->\n<div  class=\"module module-text tb_3ca019   \" data-lazy=\"1\">\n\t    <div  class=\"tb_text_wrap\">\n\t\t<h3 style=\"text-align: center;\"><em><span style=\"color: #333333;\"><strong>UNE \u00c9QUIPE EN B\u00c9TON !<\/strong><\/span><\/em><\/h3>    <\/div>\n<\/div>\n<!-- \/module text --><!-- module text -->\n<div  class=\"module module-text tb_7bif19   \" data-lazy=\"1\">\n\t    <div  class=\"tb_text_wrap\">\n\t\t<hr>\n<h3 style=\"text-align: center;\">\u00a0<\/h3>    <\/div>\n<\/div>\n<!-- \/module text -->\t\t<\/div>\n\t\t\t\t\t<div  data-lazy=\"1\" class=\"module_column tb-column col4-2 tb_4drq19\">\n\t\t\t\t\t<!-- module text -->\n<div  class=\"module module-text tb_jgri19   \" data-lazy=\"1\">\n\t    <div  class=\"tb_text_wrap\">\n\t\t<p style=\"text-align: left;\">Informations<\/p>    <\/div>\n<\/div>\n<!-- \/module text --><!-- module icon -->\n<div  class=\"module module-icon tb_9g4b19  small none icon_vertical \" data-lazy=\"1\">\n\t\t\t<div class=\"module-icon-item\">\n\t\t\t\t\t\t\t<a href=\"www.google.com\/maps\">\n\t\t\t\t\t\t\t\t\t\t\t\t\t\t\t\t\t<em class=\"tf_box\" style=\"color:#000000\"><svg  class=\"tf_fa tf-ti-location-pin\" aria-hidden=\"true\"><use href=\"#tf-ti-location-pin\"><\/use><\/svg><\/em>\n\t\t\t\t\t\t\t\t\t\t\t\t\t\t\t\t\t\t\t<span>295, Boulevard Des Hauteurs, Saint-J\u00e9r\u00f4me, QC, J7Y 5E7<\/span>\n\t\t\t\t\t\t\t\t\t\t\t\t\t\t\t\t\t<\/a>\n\t\t\t\t\t<\/div>\n\t\t\t<div class=\"module-icon-item\">\n\t\t\t\t\t\t\t<a href=\"www.outlook.live.com\">\n\t\t\t\t\t\t\t\t\t\t\t\t\t\t\t\t\t<em class=\"tf_box\" style=\"color:#000000\"><svg  class=\"tf_fa tf-ti-email\" aria-hidden=\"true\"><use href=\"#tf-ti-email\"><\/use><\/svg><\/em>\n\t\t\t\t\t\t\t\t\t\t\t\t\t\t\t\t\t\t\t<span>info@cimentiersdynamiques.com<\/span>\n\t\t\t\t\t\t\t\t\t\t\t\t\t\t\t\t\t<\/a>\n\t\t\t\t\t<\/div>\n\t\t\t<div class=\"module-icon-item\">\n\t\t\t\t\t\t\t\t\t\t\t\t\t\t\t\t<em class=\"tf_box\" style=\"color:#000000\"><svg  class=\"tf_fa tf-ti-mobile\" aria-hidden=\"true\"><use href=\"#tf-ti-mobile\"><\/use><\/svg><\/em>\n\t\t\t\t\t\t\t\t\t\t\t\t\t\t\t\t\t\t\t<span>(450) 432-9943<\/span>\n\t\t\t\t\t\t\t\t\t\t\t\t\t\t\t<\/div>\n\t\t\t<div class=\"module-icon-item\">\n\t\t\t\t\t\t\t<a href=\"https:\/\/www.pes.rbq.gouv.qc.ca\/RegistreLicences\">\n\t\t\t\t\t\t\t\t\t\t\t\t\t\t\t\t\t<em class=\"tf_box\" style=\"color:#000000\"><svg  class=\"tf_fa tf-ti-bookmark-alt\" aria-hidden=\"true\"><use href=\"#tf-ti-bookmark-alt\"><\/use><\/svg><\/em>\n\t\t\t\t\t\t\t\t\t\t\t\t\t\t\t\t\t\t\t<span>Licence RBQ : # 5586-5455-01<\/span>\n\t\t\t\t\t\t\t\t\t\t\t\t\t\t\t\t\t<\/a>\n\t\t\t\t\t<\/div>\n\t<\/div>\n<!-- \/module icon -->\n\t\t<\/div>\n\t\t\t\t\t<div  data-lazy=\"1\" class=\"module_column tb-column col4-1 tb_dezk19 last\">\n\t\t\t\t\t<!-- module text -->\n<div  class=\"module module-text tb_ugr319   \" data-lazy=\"1\">\n\t    <div  class=\"tb_text_wrap\">\n\t\t<hr>\n<p style=\"text-align: left;\">\u00a0<\/p>    <\/div>\n<\/div>\n<!-- \/module text --><!-- module text -->\n<div  class=\"module module-text tb_xza819   \" data-lazy=\"1\">\n\t    <div  class=\"tb_text_wrap\">\n\t\t<p style=\"text-align: center;\">SUIVEZ-NOUS<\/p>    <\/div>\n<\/div>\n<!-- \/module text --><!-- module icon -->\n<div  class=\"module module-icon tb_iskt19   none icon_horizontal tf_textc\" data-lazy=\"1\">\n\t\t\t<div class=\"module-icon-item\">\n\t\t\t\t\t\t\t<a href=\"https:\/\/www.facebook.com\/lescimentiersdynamiques\">\n\t\t\t\t\t\t\t\t\t\t\t\t\t\t\t\t\t<em class=\"tf_box\"><svg  class=\"tf_fa tf-ti-facebook\" aria-hidden=\"true\"><use href=\"#tf-ti-facebook\"><\/use><\/svg><\/em>\n\t\t\t\t\t\t\t\t\t\t\t\t\t\t\t\t<\/a>\n\t\t\t\t\t<\/div>\n\t\t\t<div class=\"module-icon-item\">\n\t\t\t\t\t\t\t<a href=\"https:\/\/www.instagram.com\/cimentiers_dynamiques\/\">\n\t\t\t\t\t\t\t\t\t\t\t\t\t\t\t\t\t<em class=\"tf_box\"><svg  class=\"tf_fa tf-ti-instagram\" aria-hidden=\"true\"><use href=\"#tf-ti-instagram\"><\/use><\/svg><\/em>\n\t\t\t\t\t\t\t\t\t\t\t\t\t\t\t\t<\/a>\n\t\t\t\t\t<\/div>\n\t\t\t<div class=\"module-icon-item\">\n\t\t\t\t\t\t\t<a href=\"https:\/\/g.page\/r\/CQLXADjQbby6EB0\/review\">\n\t\t\t\t\t\t\t\t\t\t\t\t\t\t\t\t\t<em class=\"tf_box\"><svg  class=\"tf_fa tf-fab-google\" aria-hidden=\"true\"><use href=\"#tf-fab-google\"><\/use><\/svg><\/em>\n\t\t\t\t\t\t\t\t\t\t\t\t\t\t\t\t<\/a>\n\t\t\t\t\t<\/div>\n\t\t\t<div class=\"module-icon-item\">\n\t\t\t\t\t\t\t<a href=\"https:\/\/www.tiktok.com\/@cimentiers_dynamiques\">\n\t\t\t\t\t\t\t\t\t\t\t\t\t\t\t\t\t<em class=\"tf_box\" style=\"color:#000000\"><svg  class=\"tf_fa tf-fab-tiktok\" aria-hidden=\"true\"><use href=\"#tf-fab-tiktok\"><\/use><\/svg><\/em>\n\t\t\t\t\t\t\t\t\t\t\t\t\t\t\t\t<\/a>\n\t\t\t\t\t<\/div>\n\t<\/div>\n<!-- \/module icon -->\n\t\t<\/div>\n\t\t\t\t\t\t<\/div>\n\t\t<\/div>\n\t\t<\/div>\n<!--\/themify_builder_content-->","protected":false},"excerpt":{"rendered":"<p>&#8211; FAIRE CARRI\u00c8RE &#8211; CHEZ CIMENTIERS DYNAMIQUES &amp; TRANSPORTS CD DYNAMIQUES Rejoindre la famille Cimentiers Dynamiques &amp; Transports CD Dynamiques est la premi\u00e8re \u00e9tape vers un avenir prometteur ! Tu as envie de relev\u00e9 de nouveaux d\u00e9fis, de faire de nouvelles connaissances, te faire bronzer toute en travaillant et m\u00eame d&rsquo;en apprendre plus sur le [&hellip;]<\/p>\n","protected":false},"author":1,"featured_media":0,"parent":0,"menu_order":0,"comment_status":"closed","ping_status":"closed","template":"","meta":{"footnotes":""},"class_list":["post-2510","page","type-page","status-publish","hentry","has-post-title","has-post-date","has-post-category","has-post-tag","has-post-comment","has-post-author",""],"builder_content":"<h1>- FAIRE CARRI\u00c8RE -<\/h1> <p>CHEZ CIMENTIERS DYNAMIQUES &amp; TRANSPORTS CD DYNAMIQUES<\/p>\n<h2 style=\"text-align: center;\">Rejoindre la famille Cimentiers Dynamiques &amp; Transports CD Dynamiques est la premi\u00e8re \u00e9tape vers un avenir prometteur !<\/h2>\n<p style=\"text-align: center;\">Tu as envie de relev\u00e9 de nouveaux d\u00e9fis, de faire de nouvelles connaissances, te faire bronzer toute en travaillant et m\u00eame d'en apprendre plus sur le m\u00e9tier d'installateur de piscine ?<\/p>\n<h1 style=\"text-align: center;\">CET EMPLOI EST POUR TOI !<\/h1>\n<img src=\"https:\/\/cimentiersdynamiques.com\/wp-content\/uploads\/2023\/02\/IMG_0399-5-scaled.jpg\" title=\"IMG_0399\" alt=\"IMG_0399\" srcset=\"https:\/\/cimentiersdynamiques.com\/wp-content\/uploads\/2023\/02\/IMG_0399-5-scaled.jpg 2560w, https:\/\/cimentiersdynamiques.com\/wp-content\/uploads\/2023\/02\/IMG_0399-5-300x200.jpg 300w, https:\/\/cimentiersdynamiques.com\/wp-content\/uploads\/2023\/02\/IMG_0399-5-1024x683.jpg 1024w, https:\/\/cimentiersdynamiques.com\/wp-content\/uploads\/2023\/02\/IMG_0399-5-768x512.jpg 768w, https:\/\/cimentiersdynamiques.com\/wp-content\/uploads\/2023\/02\/IMG_0399-5-1536x1024.jpg 1536w, https:\/\/cimentiersdynamiques.com\/wp-content\/uploads\/2023\/02\/IMG_0399-5-2048x1365.jpg 2048w\" sizes=\"(max-width: 2560px) 100vw, 2560px\" \/>\n<img src=\"https:\/\/cimentiersdynamiques.com\/wp-content\/uploads\/2023\/02\/IMG_0625-1024x683-720x480.jpg\" width=\"720\" height=\"480\" title=\"IMG_0625\" alt=\"IMG_0625\" srcset=\"https:\/\/cimentiersdynamiques.com\/wp-content\/uploads\/2023\/02\/IMG_0625-1024x683-720x480.jpg 720w, https:\/\/cimentiersdynamiques.com\/wp-content\/uploads\/2023\/02\/IMG_0625-300x200.jpg 300w, https:\/\/cimentiersdynamiques.com\/wp-content\/uploads\/2023\/02\/IMG_0625-1024x683.jpg 1024w, https:\/\/cimentiersdynamiques.com\/wp-content\/uploads\/2023\/02\/IMG_0625-768x512.jpg 768w, https:\/\/cimentiersdynamiques.com\/wp-content\/uploads\/2023\/02\/IMG_0625-1536x1024.jpg 1536w, https:\/\/cimentiersdynamiques.com\/wp-content\/uploads\/2023\/02\/IMG_0625-2048x1365.jpg 2048w\" sizes=\"(max-width: 720px) 100vw, 720px\" \/>\n<h2 style=\"text-align: center;\">Actifs(ves), d\u00e9brouillards(es) et ponctuels(es) sont les seuls pr\u00e9requis.<\/h2>\n<h1> Joint toi \u00e0 la famille !<br\/><\/h1>\n<h3>NOS OFFRES D'EMPLOIS<br\/><\/h3>\n<img src=\"https:\/\/cimentiersdynamiques.com\/wp-content\/uploads\/2022\/09\/IMG_0542-683x1024-308x291.jpg\" width=\"308\" height=\"291\" title=\"JOURNALIERS \/ JOURNALI\u00c8RES\" alt=\"JOURNALIERS \/ JOURNALI\u00c8RES\"> <h3> JOURNALIERS \/ JOURNALI\u00c8RES <\/h3>\n<a href=\"https:\/\/cimentiersdynamiques.com\/index.php\/journaliers\/\" > postulez <em><svg aria-hidden=\"true\"><use href=\"#tf-ti-hummer\"><\/use><\/svg><\/em> <\/a>\n<img src=\"https:\/\/cimentiersdynamiques.com\/wp-content\/uploads\/2025\/01\/458500591_486404034266340_7400955736437248684_n-897x1024-308x291.jpg\" width=\"308\" height=\"291\" title=\"CHAUFFEURS \/ CHAUFFEUSES\" alt=\"CAMIONS-BENNES\"> <h3> CHAUFFEURS \/ CHAUFFEUSES <\/h3> CAMIONS-BENNES\n<a href=\"https:\/\/cimentiersdynamiques.com\/index.php\/chauffeurs-chauffeuses-camion\/\" > postulez <em><svg aria-hidden=\"true\"><use href=\"#tf-ti-truck\"><\/use><\/svg><\/em> <\/a>\n<img src=\"https:\/\/cimentiersdynamiques.com\/wp-content\/uploads\/2023\/02\/DSC02155-683x1024-308x291.jpg\" width=\"308\" height=\"291\" title=\"CHAUFFEURS \/ CHAUFFEUSES\" alt=\"B\u00c9TONNI\u00c8RES\"> <h3> CHAUFFEURS \/ CHAUFFEUSES <\/h3> B\u00c9TONNI\u00c8RES\n<a href=\"https:\/\/cimentiersdynamiques.com\/index.php\/chauffeurs-chauffeuses-betonnieres\/\" > postulez <em><svg aria-hidden=\"true\"><use href=\"#tf-ti-truck\"><\/use><\/svg><\/em> <\/a>\n<img src=\"https:\/\/cimentiersdynamiques.com\/wp-content\/uploads\/2020\/04\/stacks-image-1bc93d6-1-365x92.png\" width=\"365\" height=\"92\" title=\"stacks-image-1bc93d6\" alt=\"stacks-image-1bc93d6\" srcset=\"https:\/\/cimentiersdynamiques.com\/wp-content\/uploads\/2020\/04\/stacks-image-1bc93d6-1-365x92.png 365w, https:\/\/cimentiersdynamiques.com\/wp-content\/uploads\/2020\/04\/stacks-image-1bc93d6-1-300x76.png 300w, https:\/\/cimentiersdynamiques.com\/wp-content\/uploads\/2020\/04\/stacks-image-1bc93d6-1-978x248.png 978w, https:\/\/cimentiersdynamiques.com\/wp-content\/uploads\/2020\/04\/stacks-image-1bc93d6-1.png 550w\" sizes=\"(max-width: 365px) 100vw, 365px\" \/>\n<h3 style=\"text-align: center;\"><em><strong>UNE \u00c9QUIPE EN B\u00c9TON !<\/strong><\/em><\/h3>\n<hr> <h3 style=\"text-align: center;\">\u00a0<\/h3>\n<p style=\"text-align: left;\">Informations<\/p>\n<a href=\"www.google.com\/maps\"> <em style=\"color:#000000\"><svg aria-hidden=\"true\"><use href=\"#tf-ti-location-pin\"><\/use><\/svg><\/em> 295, Boulevard Des Hauteurs, Saint-J\u00e9r\u00f4me, QC, J7Y 5E7 <\/a> <a href=\"www.outlook.live.com\"> <em style=\"color:#000000\"><svg aria-hidden=\"true\"><use href=\"#tf-ti-email\"><\/use><\/svg><\/em> info@cimentiersdynamiques.com <\/a> <em style=\"color:#000000\"><svg aria-hidden=\"true\"><use href=\"#tf-ti-mobile\"><\/use><\/svg><\/em> (450) 432-9943 <a href=\"https:\/\/www.pes.rbq.gouv.qc.ca\/RegistreLicences\"> <em style=\"color:#000000\"><svg aria-hidden=\"true\"><use href=\"#tf-ti-bookmark-alt\"><\/use><\/svg><\/em> Licence RBQ : # 5586-5455-01 <\/a>\n<hr> <p style=\"text-align: left;\">\u00a0<\/p>\n<p style=\"text-align: center;\">SUIVEZ-NOUS<\/p>\n<a href=\"https:\/\/www.facebook.com\/lescimentiersdynamiques\"> <em><svg aria-hidden=\"true\"><use href=\"#tf-ti-facebook\"><\/use><\/svg><\/em> <\/a> <a href=\"https:\/\/www.instagram.com\/cimentiers_dynamiques\/\"> <em><svg aria-hidden=\"true\"><use href=\"#tf-ti-instagram\"><\/use><\/svg><\/em> <\/a> <a href=\"https:\/\/g.page\/r\/CQLXADjQbby6EB0\/review\"> <em><svg aria-hidden=\"true\"><use href=\"#tf-fab-google\"><\/use><\/svg><\/em> <\/a> <a href=\"https:\/\/www.tiktok.com\/@cimentiers_dynamiques\"> <em style=\"color:#000000\"><svg aria-hidden=\"true\"><use href=\"#tf-fab-tiktok\"><\/use><\/svg><\/em> <\/a>","_links":{"self":[{"href":"https:\/\/cimentiersdynamiques.com\/index.php\/wp-json\/wp\/v2\/pages\/2510","targetHints":{"allow":["GET"]}}],"collection":[{"href":"https:\/\/cimentiersdynamiques.com\/index.php\/wp-json\/wp\/v2\/pages"}],"about":[{"href":"https:\/\/cimentiersdynamiques.com\/index.php\/wp-json\/wp\/v2\/types\/page"}],"author":[{"embeddable":true,"href":"https:\/\/cimentiersdynamiques.com\/index.php\/wp-json\/wp\/v2\/users\/1"}],"replies":[{"embeddable":true,"href":"https:\/\/cimentiersdynamiques.com\/index.php\/wp-json\/wp\/v2\/comments?post=2510"}],"version-history":[{"count":52,"href":"https:\/\/cimentiersdynamiques.com\/index.php\/wp-json\/wp\/v2\/pages\/2510\/revisions"}],"predecessor-version":[{"id":3972,"href":"https:\/\/cimentiersdynamiques.com\/index.php\/wp-json\/wp\/v2\/pages\/2510\/revisions\/3972"}],"wp:attachment":[{"href":"https:\/\/cimentiersdynamiques.com\/index.php\/wp-json\/wp\/v2\/media?parent=2510"}],"curies":[{"name":"wp","href":"https:\/\/api.w.org\/{rel}","templated":true}]}}