{"id":1359,"date":"2020-04-15T15:41:39","date_gmt":"2020-04-15T19:41:39","guid":{"rendered":"http:\/\/cimentiersdynamiques.com\/?page_id=1359"},"modified":"2025-03-07T10:56:04","modified_gmt":"2025-03-07T15:56:04","slug":"soumissionnez","status":"publish","type":"page","link":"https:\/\/cimentiersdynamiques.com\/index.php\/soumissionnez\/","title":{"rendered":"Soumissionnez"},"content":{"rendered":"<!--themify_builder_content-->\n<div id=\"themify_builder_content-1359\" data-postid=\"1359\" class=\"themify_builder_content themify_builder_content-1359 themify_builder tf_clear\">\n    \t\t\t\t<div  data-lazy=\"1\" class=\"module_row themify_builder_row tb_7w13799 tb_first tf_w\">\n\t\t\t<span class=\"builder_row_cover tf_abs\"><\/span>\t\t\t<div class=\"row_inner col_align_top tb_col_count_1 tf_box tf_rel\">\n\t\t\t\t\t\t<div  data-lazy=\"1\" class=\"module_column tb-column col-full tb_cxw1801 first\">\n\t\t\t\t\t<!-- module text -->\n<div  class=\"module module-text tb_hsho772   \" data-lazy=\"1\">\n\t    <div  class=\"tb_text_wrap\">\n\t\t<h1><span style=\"color: #ffffff;\">&#8211; SOUMISSION &#8211;<\/span><\/h1>    <\/div>\n<\/div>\n<!-- \/module text --><!-- module text -->\n<div  class=\"module module-text tb_fi56714   \" data-lazy=\"1\">\n\t    <div  class=\"tb_text_wrap\">\n\t\t<p><span style=\"color: #999999;\">Dans votre message veuillez nous indiquer le plus de d\u00e9tails possibles concernant votre soumission, par exemple, les grandeurs ainsi que si vous avez besoin d&rsquo;excavation, de formage, etc. Il serait appr\u00e9ci\u00e9 de joindre des photos de l&rsquo;espace r\u00e9serv\u00e9 \u00e0 votre projet.<\/span><\/p>    <\/div>\n<\/div>\n<!-- \/module text -->\t\t<\/div>\n\t\t\t\t\t\t<\/div>\n\t\t<\/div>\n\t\t\t\t\t\t<div  data-lazy=\"1\" class=\"module_row themify_builder_row tb_2881800 tf_w\">\n\t\t\t\t\t\t<div class=\"row_inner col_align_top tb_col_count_1 tf_box tf_rel\">\n\t\t\t\t\t\t<div  data-lazy=\"1\" class=\"module_column tb-column col-full tb_vvzs810 first\">\n\t\t\t\t\t<!-- module text -->\n<div  class=\"module module-text tb_rc0r623   \" data-lazy=\"1\">\n\t    <div  class=\"tb_text_wrap\">\n\t\t<div id=\"wpcf7-f669-o1\" class=\"wpcf7 no-js\" dir=\"ltr\" lang=\"fr-FR\" data-wpcf7-id=\"669\">\n<div class=\"screen-reader-response\">\n<p role=\"status\" aria-live=\"polite\" aria-atomic=\"true\">\u00a0<\/p>\n<\/div>\n<form class=\"wpcf7-form init\" action=\"\/wp-admin\/admin-ajax.php#wpcf7-f669-o1\" enctype=\"multipart\/form-data\" method=\"post\" novalidate=\"novalidate\" aria-label=\"Formulaire de contact\" data-status=\"init\">\n<div style=\"display: none;\"><input name=\"_wpcf7\" type=\"hidden\" value=\"669\"><br><input name=\"_wpcf7_version\" type=\"hidden\" value=\"6.0.3\"><br><input name=\"_wpcf7_locale\" type=\"hidden\" value=\"fr_FR\"><br><input name=\"_wpcf7_unit_tag\" type=\"hidden\" value=\"wpcf7-f669-o1\"><br><input name=\"_wpcf7_container_post\" type=\"hidden\" value=\"0\"><br><input name=\"_wpcf7_posted_data_hash\" type=\"hidden\" value=\"\"><br><input name=\"_wpcf7_recaptcha_response\" type=\"hidden\" value=\"03AFcWeA5j6YsJuE2ei5Y4QuZIUiSLefHJbLz1LwBrIvwQBVistisyWXbSdA2IetIBkni6oyXw0B5kXAT2MwZZa1UUh4QHfwu_0rcLL3xGlt_Icjkmv5Y8qE7pgsgu5ujujgo9vc_KxggoyH-UDfAExPxnwyx7wagmMZZWC1tvmVHE2D807-38hBeDqbCTVgQbuHg5v88J07xk-id97mexZHEiisnSkXhF4k0lE934M10HW95BE1n9uOZZf6UEKNSjJYUUOJZOWd3LHsvAvyT5fHLfga7Lga_xR9TRe61DoWgKJ_3aevEtoGDHFDK_SEFQkf4g6305A3i1Yhe4OekaX0gdlXoHac9IV6cA3EZrUtuwAmHzKFUID-6U4tVJK-4I3vB8b0kfkuiFfcL67LO9yb758YVP2ZM9RkEmWWHyUr6kLqIF69hNS4lygcJdvortEHXyuYdlJo9GXBdTqZd5HMm_P3NAHuM8sWi8W5khjc8Yh2qk5qZvgf0t2DIl6q9YxRbfr-irAklorCCFQpbXHlMdMzCSxB1ymdai_8zM1pAVwwC1_Ekz_mq68zH2gc13p_3KxNoAVNKzkTJhHcLJq9TwlJCwZOZWx7TKubHIs_XqwnPURUK9bl3z_8y99UN7aiaP4F3jf1RuIamEAOtFsny5SMtWcgs44GzZSGsSXvaocdTqpOfwesAHtA6o_yN8y1FKuDP-3iKTxaat83wAQJVIYZW_KptNLnrZq73h7SJ0yHkoJxr4vtuthEauauUTfFqeJLcIvXLfrpfCOQBbSwNCX7ZGUK32dwXZHra180mrLUxwUBgFMAinpMDIWng3tNodwgFVuuk5nd37OOhVl9BYVFAwuNmbuCEC2l_m08NjLRghE5YyvCpoqSzArdaKlf8bO50hO9bafjE97jYPjOFrIFqmq0SvcCyba7vWS3bozSqm-X6tkESqGRrxaDnHjY39AFDWLpO_ZQV4SEzGcF4WTANUsLlNWOoAXDneKDhPPrItHZM-HBRl375FLxINm-I_Quf1DtMZv1Zzz_Eu09dmgJqfyFzNVxC26tlKmncRJzkc4VWewE-CRDWtQKpI06ufPJjczMoXT3xs-nfXWm9pF0wO1XlDqdUhvMslDGTwIFbJat9ADWR40ZSq4q6RG-b7rZsrszkGxONTuNhdVN5zq0mEQp1hffrO0Tjes1lJILEw6cuF2d3Vil4XfQ5WPZZD9VSMD3NrKkXg9xzI1A_GrrVSaZdmydrNhU-HAVu4Dy6_CYIFe02NxwygcFwfknOSoQejC94sWOInl08BiB4eDfLtPARjNdj62NZcBPpU4z4JBgUFnzys_baCbqtoxbgoV3bQtsWM8Fhl4iH1WH-fuzZ35OhhlFHmABREfdJ_viQpXCoDmz_BOX7ZsssD1qMiVWv4Edj87bTuQ7PUGkXxB5lkg80VD4Uel2EnKkHGq4MJJfHtV7hwhl1bXMSUP7GfNw2uoo6vdBwCGdoTSegrb5akECKn8KzLnj1m7BElANMqg2YlnSMNiIyvK7GHUwU1bthMlRRf6VKKJiVQaJ6ERW4Hjm8RU_eVggJRI1B3uwCki7xuUZT_LqDcPEqDFsc_ncMnGazB8WI8lrUEfOT-HloGjoI_77LHwzXzcZ3ETPM0Lp6-yvC0QFJGj0xMsRKWFcWq74WLygQDesAiBy6lBEZbDhSFXFjn5JCrvi_MbeDt_Vl7-CjjD55e0629RsXiYwamsNhZZQNiwvuhjq4fe9bBk7QwIWuGr1haB15SM9sckilTrlVcAV400GAhFUP9Rbh2H33OL2SSpz3cy_CpwoKUbwbxf2CRrN7oJXk8zcClAO2nH4tzrElFWcQixmTnETt4syutHKpPN0wGoWh5oOhBtjc4AOsCPOi7K9MqAXL3xsOtOdawpdTZJyvcMWMwLYIOiBjhM3TTULqBV_IqCUdCFq8KlBaj0U4RE_jgT9nFbel_M53XRQqx2cMRAhSzfzH88Aod\"><\/div>\n<p><label><span style=\"color: #808080;\"> Nom &amp; Pr\u00e9nom<\/span><br><span class=\"wpcf7-form-control-wrap\" data-name=\"your-name\"><input class=\"wpcf7-form-control wpcf7-text wpcf7-validates-as-required\" maxlength=\"400\" name=\"your-name\" size=\"40\" type=\"text\" value=\"\" aria-required=\"true\" aria-invalid=\"false\"><\/span> <\/label><\/p>\n<p><label> Courriel<br><span class=\"wpcf7-form-control-wrap\" data-name=\"your-email\"><input class=\"wpcf7-form-control wpcf7-email wpcf7-validates-as-required wpcf7-text wpcf7-validates-as-email\" maxlength=\"400\" name=\"your-email\" size=\"40\" type=\"email\" value=\"\" aria-required=\"true\" aria-invalid=\"false\"><\/span> <\/label><\/p>\n<p><label> T\u00e9l\u00e9phone<br><span class=\"wpcf7-form-control-wrap\" data-name=\"your-tel\"><input class=\"wpcf7-form-control wpcf7-tel wpcf7-text wpcf7-validates-as-tel\" maxlength=\"400\" name=\"your-tel\" size=\"40\" type=\"tel\" value=\"\" aria-invalid=\"false\"><\/span> <\/label><\/p>\n<p><label> Adresse des travaux<br><span class=\"wpcf7-form-control-wrap\" data-name=\"your-subject\"><input class=\"wpcf7-form-control wpcf7-text\" maxlength=\"400\" name=\"your-subject\" size=\"40\" type=\"text\" value=\"\" aria-invalid=\"false\"><\/span> <\/label><\/p>\n<p><label> Objet<br><span class=\"wpcf7-form-control-wrap\" data-name=\"your-subject\"><input class=\"wpcf7-form-control wpcf7-text\" maxlength=\"400\" name=\"your-subject\" size=\"40\" type=\"text\" value=\"\" aria-invalid=\"false\"><\/span> <\/label><\/p>\n<p><label> Veuillez nous indiquer vos besoins le plus clairement possible pour nous permettre de vous faire une soumission compl\u00e8te.<br>Si vous avez besoin d&rsquo;excavation, de formage ou si vous avez seulement besoin d&rsquo;une \u00e9quipe pour la finition de b\u00e9ton.<br><span class=\"wpcf7-form-control-wrap\" data-name=\"your-message\"><textarea class=\"wpcf7-form-control wpcf7-textarea\" cols=\"40\" maxlength=\"2000\" name=\"your-message\" rows=\"10\" aria-invalid=\"false\"><\/textarea><\/span> <\/label><\/p>\n<p><span class=\"wpcf7-form-control-wrap\" data-name=\"menu-738\"><select class=\"wpcf7-form-control wpcf7-select wpcf7-validates-as-required\" name=\"menu-738\" aria-required=\"true\" aria-invalid=\"false\">\n<option value=\"Comment avez-vous entendu parler de nous ?\">Comment avez-vous entendu parler de nous ?<\/option>\n<option value=\"R\u00e9f\u00e9rence\">R\u00e9f\u00e9rence<\/option>\n<option value=\"R\u00e9seaux Sociaux\">R\u00e9seaux Sociaux<\/option>\n<option value=\"Google\">Google<\/option>\n<option value=\"Panneau publicitaire\">Panneau publicitaire<\/option>\n<\/select><\/span><\/p>\n<p><span class=\"wpcf7-form-control-wrap\" data-name=\"Photo1\"><input class=\"wpcf7-form-control wpcf7-file\" accept=\"image\/*\" name=\"Photo1\" size=\"40\" type=\"file\" aria-invalid=\"false\"><\/span><span class=\"wpcf7-form-control-wrap\" data-name=\"Photo2\"><input class=\"wpcf7-form-control wpcf7-file\" accept=\"image\/*\" name=\"Photo2\" size=\"40\" type=\"file\" aria-invalid=\"false\"><\/span><span class=\"wpcf7-form-control-wrap\" data-name=\"Photo3\"><input class=\"wpcf7-form-control wpcf7-file\" accept=\"image\/*\" name=\"Photo3\" size=\"40\" type=\"file\" aria-invalid=\"false\"><\/span><\/p>\n<p><input class=\"wpcf7-form-control wpcf7-submit has-spinner\" type=\"submit\" value=\"Soumettre\"><\/p>\n<div class=\"wpcf7-response-output\" aria-hidden=\"true\">\u00a0<\/div>\n<\/form><\/div>    <\/div>\n<\/div>\n<!-- \/module text -->\t\t<\/div>\n\t\t\t\t\t\t<\/div>\n\t\t<\/div>\n\t\t\t\t\t\t<div  data-lazy=\"1\" class=\"module_row themify_builder_row tb_h01580 tf_w\">\n\t\t\t\t\t\t<div class=\"row_inner col_align_top gutter-none tb_col_count_3 tf_box tf_rel\">\n\t\t\t\t\t\t<div  data-lazy=\"1\" class=\"module_column tb-column col4-1 tb_p35l80 first\">\n\t\t\t\t\t<!-- module image -->\n<div  class=\"module module-image tb_5vw280 image-center   tf_mw\" data-lazy=\"1\">\n        <div class=\"image-wrap tf_rel tf_mw\">\n\t\t    <img loading=\"lazy\" decoding=\"async\" src=\"https:\/\/cimentiersdynamiques.com\/wp-content\/uploads\/2020\/04\/stacks-image-1bc93d6-1-365x92.png\" width=\"365\" height=\"92\" class=\"wp-post-image wp-image-540\" title=\"stacks-image-1bc93d6\" alt=\"stacks-image-1bc93d6\" srcset=\"https:\/\/cimentiersdynamiques.com\/wp-content\/uploads\/2020\/04\/stacks-image-1bc93d6-1-365x92.png 365w, https:\/\/cimentiersdynamiques.com\/wp-content\/uploads\/2020\/04\/stacks-image-1bc93d6-1-300x76.png 300w, https:\/\/cimentiersdynamiques.com\/wp-content\/uploads\/2020\/04\/stacks-image-1bc93d6-1-978x248.png 978w, https:\/\/cimentiersdynamiques.com\/wp-content\/uploads\/2020\/04\/stacks-image-1bc93d6-1.png 550w\" sizes=\"auto, (max-width: 365px) 100vw, 365px\" \/>\t\n\t\t<\/div>\n\t<!-- \/image-wrap -->\n    \n    \t<\/div>\n<!-- \/module image --><!-- module text -->\n<div  class=\"module module-text tb_1xpx80   \" data-lazy=\"1\">\n\t    <div  class=\"tb_text_wrap\">\n\t\t<h3 style=\"text-align: center;\"><em><span style=\"color: #333333;\"><strong>UNE \u00c9QUIPE EN B\u00c9TON !<\/strong><\/span><\/em><\/h3>    <\/div>\n<\/div>\n<!-- \/module text --><!-- module text -->\n<div  class=\"module module-text tb_gfmz80   \" data-lazy=\"1\">\n\t    <div  class=\"tb_text_wrap\">\n\t\t<hr>\n<h3 style=\"text-align: center;\">\u00a0<\/h3>    <\/div>\n<\/div>\n<!-- \/module text -->\t\t<\/div>\n\t\t\t\t\t<div  data-lazy=\"1\" class=\"module_column tb-column col4-2 tb_8pjc80\">\n\t\t\t\t\t<!-- module text -->\n<div  class=\"module module-text tb_jw8j80   \" data-lazy=\"1\">\n\t    <div  class=\"tb_text_wrap\">\n\t\t<p style=\"text-align: left;\">Informations<\/p>    <\/div>\n<\/div>\n<!-- \/module text --><!-- module icon -->\n<div  class=\"module module-icon tb_i6km80  small none icon_vertical \" data-lazy=\"1\">\n\t\t\t<div class=\"module-icon-item\">\n\t\t\t\t\t\t\t<a href=\"www.google.com\/maps\">\n\t\t\t\t\t\t\t\t\t\t\t\t\t\t\t\t\t<em class=\"tf_box\" style=\"color:#000000\"><svg  class=\"tf_fa tf-ti-location-pin\" aria-hidden=\"true\"><use href=\"#tf-ti-location-pin\"><\/use><\/svg><\/em>\n\t\t\t\t\t\t\t\t\t\t\t\t\t\t\t\t\t\t\t<span>295, Boulevard Des Hauteurs, Saint-J\u00e9r\u00f4me, QC, J7Y 5E7<\/span>\n\t\t\t\t\t\t\t\t\t\t\t\t\t\t\t\t\t<\/a>\n\t\t\t\t\t<\/div>\n\t\t\t<div class=\"module-icon-item\">\n\t\t\t\t\t\t\t<a href=\"www.outlook.live.com\">\n\t\t\t\t\t\t\t\t\t\t\t\t\t\t\t\t\t<em class=\"tf_box\" style=\"color:#000000\"><svg  class=\"tf_fa tf-ti-email\" aria-hidden=\"true\"><use href=\"#tf-ti-email\"><\/use><\/svg><\/em>\n\t\t\t\t\t\t\t\t\t\t\t\t\t\t\t\t\t\t\t<span>info@cimentiersdynamiques.com<\/span>\n\t\t\t\t\t\t\t\t\t\t\t\t\t\t\t\t\t<\/a>\n\t\t\t\t\t<\/div>\n\t\t\t<div class=\"module-icon-item\">\n\t\t\t\t\t\t\t\t\t\t\t\t\t\t\t\t<em class=\"tf_box\" style=\"color:#000000\"><svg  class=\"tf_fa tf-ti-mobile\" aria-hidden=\"true\"><use href=\"#tf-ti-mobile\"><\/use><\/svg><\/em>\n\t\t\t\t\t\t\t\t\t\t\t\t\t\t\t\t\t\t\t<span>(450) 432-9943<\/span>\n\t\t\t\t\t\t\t\t\t\t\t\t\t\t\t<\/div>\n\t\t\t<div class=\"module-icon-item\">\n\t\t\t\t\t\t\t<a href=\"https:\/\/www.pes.rbq.gouv.qc.ca\/RegistreLicences\">\n\t\t\t\t\t\t\t\t\t\t\t\t\t\t\t\t\t<em class=\"tf_box\" style=\"color:#000000\"><svg  class=\"tf_fa tf-ti-bookmark-alt\" aria-hidden=\"true\"><use href=\"#tf-ti-bookmark-alt\"><\/use><\/svg><\/em>\n\t\t\t\t\t\t\t\t\t\t\t\t\t\t\t\t\t\t\t<span>Licence RBQ : # 5586-5455-01<\/span>\n\t\t\t\t\t\t\t\t\t\t\t\t\t\t\t\t\t<\/a>\n\t\t\t\t\t<\/div>\n\t<\/div>\n<!-- \/module icon -->\n\t\t<\/div>\n\t\t\t\t\t<div  data-lazy=\"1\" class=\"module_column tb-column col4-1 tb_3oky80 last\">\n\t\t\t\t\t<!-- module text -->\n<div  class=\"module module-text tb_8mf780   \" data-lazy=\"1\">\n\t    <div  class=\"tb_text_wrap\">\n\t\t<hr>\n<p style=\"text-align: left;\">\u00a0<\/p>    <\/div>\n<\/div>\n<!-- \/module text --><!-- module text -->\n<div  class=\"module module-text tb_s89z80   \" data-lazy=\"1\">\n\t    <div  class=\"tb_text_wrap\">\n\t\t<p style=\"text-align: center;\">SUIVEZ-NOUS<\/p>    <\/div>\n<\/div>\n<!-- \/module text --><!-- module icon -->\n<div  class=\"module module-icon tb_xhrj80   none icon_horizontal tf_textc\" data-lazy=\"1\">\n\t\t\t<div class=\"module-icon-item\">\n\t\t\t\t\t\t\t<a href=\"https:\/\/www.facebook.com\/lescimentiersdynamiques\">\n\t\t\t\t\t\t\t\t\t\t\t\t\t\t\t\t\t<em class=\"tf_box\"><svg  class=\"tf_fa tf-ti-facebook\" aria-hidden=\"true\"><use href=\"#tf-ti-facebook\"><\/use><\/svg><\/em>\n\t\t\t\t\t\t\t\t\t\t\t\t\t\t\t\t<\/a>\n\t\t\t\t\t<\/div>\n\t\t\t<div class=\"module-icon-item\">\n\t\t\t\t\t\t\t<a href=\"https:\/\/www.instagram.com\/cimentiers_dynamiques\/\">\n\t\t\t\t\t\t\t\t\t\t\t\t\t\t\t\t\t<em class=\"tf_box\"><svg  class=\"tf_fa tf-ti-instagram\" aria-hidden=\"true\"><use href=\"#tf-ti-instagram\"><\/use><\/svg><\/em>\n\t\t\t\t\t\t\t\t\t\t\t\t\t\t\t\t<\/a>\n\t\t\t\t\t<\/div>\n\t\t\t<div class=\"module-icon-item\">\n\t\t\t\t\t\t\t<a href=\"https:\/\/g.page\/r\/CQLXADjQbby6EB0\/review\">\n\t\t\t\t\t\t\t\t\t\t\t\t\t\t\t\t\t<em class=\"tf_box\"><svg  class=\"tf_fa tf-fab-google\" aria-hidden=\"true\"><use href=\"#tf-fab-google\"><\/use><\/svg><\/em>\n\t\t\t\t\t\t\t\t\t\t\t\t\t\t\t\t<\/a>\n\t\t\t\t\t<\/div>\n\t\t\t<div class=\"module-icon-item\">\n\t\t\t\t\t\t\t<a href=\"https:\/\/www.tiktok.com\/@cimentiers_dynamiques\">\n\t\t\t\t\t\t\t\t\t\t\t\t\t\t\t\t\t<em class=\"tf_box\" style=\"color:#000000\"><svg  class=\"tf_fa tf-fab-tiktok\" aria-hidden=\"true\"><use href=\"#tf-fab-tiktok\"><\/use><\/svg><\/em>\n\t\t\t\t\t\t\t\t\t\t\t\t\t\t\t\t<\/a>\n\t\t\t\t\t<\/div>\n\t<\/div>\n<!-- \/module icon -->\n\t\t<\/div>\n\t\t\t\t\t\t<\/div>\n\t\t<\/div>\n\t\t<\/div>\n<!--\/themify_builder_content-->","protected":false},"excerpt":{"rendered":"<p>&#8211; SOUMISSION &#8211;<\/p>\n","protected":false},"author":1,"featured_media":0,"parent":0,"menu_order":0,"comment_status":"closed","ping_status":"closed","template":"","meta":{"footnotes":""},"class_list":["post-1359","page","type-page","status-publish","hentry","has-post-title","has-post-date","has-post-category","has-post-tag","has-post-comment","has-post-author",""],"builder_content":"<h1>- SOUMISSION -<\/h1>\n<p>Dans votre message veuillez nous indiquer le plus de d\u00e9tails possibles concernant votre soumission, par exemple, les grandeurs ainsi que si vous avez besoin d'excavation, de formage, etc. Il serait appr\u00e9ci\u00e9 de joindre des photos de l'espace r\u00e9serv\u00e9 \u00e0 votre projet.<\/p>\n<p role=\"status\" aria-live=\"polite\" aria-atomic=\"true\">\u00a0<\/p>\n<form action=\"\/wp-admin\/admin-ajax.php#wpcf7-f669-o1\" enctype=\"multipart\/form-data\" method=\"post\" novalidate=\"novalidate\" aria-label=\"Formulaire de contact\" data-status=\"init\"> <input name=\"_wpcf7\" type=\"hidden\" value=\"669\"><br><input name=\"_wpcf7_version\" type=\"hidden\" value=\"6.0.3\"><br><input name=\"_wpcf7_locale\" type=\"hidden\" value=\"fr_FR\"><br><input name=\"_wpcf7_unit_tag\" type=\"hidden\" value=\"wpcf7-f669-o1\"><br><input name=\"_wpcf7_container_post\" type=\"hidden\" value=\"0\"><br><input name=\"_wpcf7_posted_data_hash\" type=\"hidden\" value=\"\"><br><input name=\"_wpcf7_recaptcha_response\" type=\"hidden\" value=\"03AFcWeA5j6YsJuE2ei5Y4QuZIUiSLefHJbLz1LwBrIvwQBVistisyWXbSdA2IetIBkni6oyXw0B5kXAT2MwZZa1UUh4QHfwu_0rcLL3xGlt_Icjkmv5Y8qE7pgsgu5ujujgo9vc_KxggoyH-UDfAExPxnwyx7wagmMZZWC1tvmVHE2D807-38hBeDqbCTVgQbuHg5v88J07xk-id97mexZHEiisnSkXhF4k0lE934M10HW95BE1n9uOZZf6UEKNSjJYUUOJZOWd3LHsvAvyT5fHLfga7Lga_xR9TRe61DoWgKJ_3aevEtoGDHFDK_SEFQkf4g6305A3i1Yhe4OekaX0gdlXoHac9IV6cA3EZrUtuwAmHzKFUID-6U4tVJK-4I3vB8b0kfkuiFfcL67LO9yb758YVP2ZM9RkEmWWHyUr6kLqIF69hNS4lygcJdvortEHXyuYdlJo9GXBdTqZd5HMm_P3NAHuM8sWi8W5khjc8Yh2qk5qZvgf0t2DIl6q9YxRbfr-irAklorCCFQpbXHlMdMzCSxB1ymdai_8zM1pAVwwC1_Ekz_mq68zH2gc13p_3KxNoAVNKzkTJhHcLJq9TwlJCwZOZWx7TKubHIs_XqwnPURUK9bl3z_8y99UN7aiaP4F3jf1RuIamEAOtFsny5SMtWcgs44GzZSGsSXvaocdTqpOfwesAHtA6o_yN8y1FKuDP-3iKTxaat83wAQJVIYZW_KptNLnrZq73h7SJ0yHkoJxr4vtuthEauauUTfFqeJLcIvXLfrpfCOQBbSwNCX7ZGUK32dwXZHra180mrLUxwUBgFMAinpMDIWng3tNodwgFVuuk5nd37OOhVl9BYVFAwuNmbuCEC2l_m08NjLRghE5YyvCpoqSzArdaKlf8bO50hO9bafjE97jYPjOFrIFqmq0SvcCyba7vWS3bozSqm-X6tkESqGRrxaDnHjY39AFDWLpO_ZQV4SEzGcF4WTANUsLlNWOoAXDneKDhPPrItHZM-HBRl375FLxINm-I_Quf1DtMZv1Zzz_Eu09dmgJqfyFzNVxC26tlKmncRJzkc4VWewE-CRDWtQKpI06ufPJjczMoXT3xs-nfXWm9pF0wO1XlDqdUhvMslDGTwIFbJat9ADWR40ZSq4q6RG-b7rZsrszkGxONTuNhdVN5zq0mEQp1hffrO0Tjes1lJILEw6cuF2d3Vil4XfQ5WPZZD9VSMD3NrKkXg9xzI1A_GrrVSaZdmydrNhU-HAVu4Dy6_CYIFe02NxwygcFwfknOSoQejC94sWOInl08BiB4eDfLtPARjNdj62NZcBPpU4z4JBgUFnzys_baCbqtoxbgoV3bQtsWM8Fhl4iH1WH-fuzZ35OhhlFHmABREfdJ_viQpXCoDmz_BOX7ZsssD1qMiVWv4Edj87bTuQ7PUGkXxB5lkg80VD4Uel2EnKkHGq4MJJfHtV7hwhl1bXMSUP7GfNw2uoo6vdBwCGdoTSegrb5akECKn8KzLnj1m7BElANMqg2YlnSMNiIyvK7GHUwU1bthMlRRf6VKKJiVQaJ6ERW4Hjm8RU_eVggJRI1B3uwCki7xuUZT_LqDcPEqDFsc_ncMnGazB8WI8lrUEfOT-HloGjoI_77LHwzXzcZ3ETPM0Lp6-yvC0QFJGj0xMsRKWFcWq74WLygQDesAiBy6lBEZbDhSFXFjn5JCrvi_MbeDt_Vl7-CjjD55e0629RsXiYwamsNhZZQNiwvuhjq4fe9bBk7QwIWuGr1haB15SM9sckilTrlVcAV400GAhFUP9Rbh2H33OL2SSpz3cy_CpwoKUbwbxf2CRrN7oJXk8zcClAO2nH4tzrElFWcQixmTnETt4syutHKpPN0wGoWh5oOhBtjc4AOsCPOi7K9MqAXL3xsOtOdawpdTZJyvcMWMwLYIOiBjhM3TTULqBV_IqCUdCFq8KlBaj0U4RE_jgT9nFbel_M53XRQqx2cMRAhSzfzH88Aod\"> <p><label> Nom &amp; Pr\u00e9nom<br><input maxlength=\"400\" name=\"your-name\" size=\"40\" type=\"text\" value=\"\" aria-required=\"true\" aria-invalid=\"false\"> <\/label><\/p> <p><label> Courriel<br><input maxlength=\"400\" name=\"your-email\" size=\"40\" type=\"email\" value=\"\" aria-required=\"true\" aria-invalid=\"false\"> <\/label><\/p> <p><label> T\u00e9l\u00e9phone<br><input maxlength=\"400\" name=\"your-tel\" size=\"40\" type=\"tel\" value=\"\" aria-invalid=\"false\"> <\/label><\/p> <p><label> Adresse des travaux<br><input maxlength=\"400\" name=\"your-subject\" size=\"40\" type=\"text\" value=\"\" aria-invalid=\"false\"> <\/label><\/p> <p><label> Objet<br><input maxlength=\"400\" name=\"your-subject\" size=\"40\" type=\"text\" value=\"\" aria-invalid=\"false\"> <\/label><\/p> <p><label> Veuillez nous indiquer vos besoins le plus clairement possible pour nous permettre de vous faire une soumission compl\u00e8te.<br>Si vous avez besoin d'excavation, de formage ou si vous avez seulement besoin d'une \u00e9quipe pour la finition de b\u00e9ton.<br><textarea cols=\"40\" maxlength=\"2000\" name=\"your-message\" rows=\"10\" aria-invalid=\"false\"><\/textarea> <\/label><\/p> <p><select name=\"menu-738\" aria-required=\"true\" aria-invalid=\"false\"> <option value=\"Comment avez-vous entendu parler de nous ?\">Comment avez-vous entendu parler de nous ?<\/option> <option value=\"R\u00e9f\u00e9rence\">R\u00e9f\u00e9rence<\/option> <option value=\"R\u00e9seaux Sociaux\">R\u00e9seaux Sociaux<\/option> <option value=\"Google\">Google<\/option> <option value=\"Panneau publicitaire\">Panneau publicitaire<\/option> <\/select><\/p> <p><input accept=\"image\/*\" name=\"Photo1\" size=\"40\" type=\"file\" aria-invalid=\"false\"><input accept=\"image\/*\" name=\"Photo2\" size=\"40\" type=\"file\" aria-invalid=\"false\"><input accept=\"image\/*\" name=\"Photo3\" size=\"40\" type=\"file\" aria-invalid=\"false\"><\/p> <p><input type=\"submit\" value=\"Soumettre\"><\/p> \u00a0 <\/form>\n<img src=\"https:\/\/cimentiersdynamiques.com\/wp-content\/uploads\/2020\/04\/stacks-image-1bc93d6-1-365x92.png\" width=\"365\" height=\"92\" title=\"stacks-image-1bc93d6\" alt=\"stacks-image-1bc93d6\" srcset=\"https:\/\/cimentiersdynamiques.com\/wp-content\/uploads\/2020\/04\/stacks-image-1bc93d6-1-365x92.png 365w, https:\/\/cimentiersdynamiques.com\/wp-content\/uploads\/2020\/04\/stacks-image-1bc93d6-1-300x76.png 300w, https:\/\/cimentiersdynamiques.com\/wp-content\/uploads\/2020\/04\/stacks-image-1bc93d6-1-978x248.png 978w, https:\/\/cimentiersdynamiques.com\/wp-content\/uploads\/2020\/04\/stacks-image-1bc93d6-1.png 550w\" sizes=\"(max-width: 365px) 100vw, 365px\" \/>\n<h3 style=\"text-align: center;\"><em><strong>UNE \u00c9QUIPE EN B\u00c9TON !<\/strong><\/em><\/h3>\n<hr> <h3 style=\"text-align: center;\">\u00a0<\/h3>\n<p style=\"text-align: left;\">Informations<\/p>\n<a href=\"www.google.com\/maps\"> <em style=\"color:#000000\"><svg aria-hidden=\"true\"><use href=\"#tf-ti-location-pin\"><\/use><\/svg><\/em> 295, Boulevard Des Hauteurs, Saint-J\u00e9r\u00f4me, QC, J7Y 5E7 <\/a> <a href=\"www.outlook.live.com\"> <em style=\"color:#000000\"><svg aria-hidden=\"true\"><use href=\"#tf-ti-email\"><\/use><\/svg><\/em> info@cimentiersdynamiques.com <\/a> <em style=\"color:#000000\"><svg aria-hidden=\"true\"><use href=\"#tf-ti-mobile\"><\/use><\/svg><\/em> (450) 432-9943 <a href=\"https:\/\/www.pes.rbq.gouv.qc.ca\/RegistreLicences\"> <em style=\"color:#000000\"><svg aria-hidden=\"true\"><use href=\"#tf-ti-bookmark-alt\"><\/use><\/svg><\/em> Licence RBQ : # 5586-5455-01 <\/a>\n<hr> <p style=\"text-align: left;\">\u00a0<\/p>\n<p style=\"text-align: center;\">SUIVEZ-NOUS<\/p>\n<a href=\"https:\/\/www.facebook.com\/lescimentiersdynamiques\"> <em><svg aria-hidden=\"true\"><use href=\"#tf-ti-facebook\"><\/use><\/svg><\/em> <\/a> <a href=\"https:\/\/www.instagram.com\/cimentiers_dynamiques\/\"> <em><svg aria-hidden=\"true\"><use href=\"#tf-ti-instagram\"><\/use><\/svg><\/em> <\/a> <a href=\"https:\/\/g.page\/r\/CQLXADjQbby6EB0\/review\"> <em><svg aria-hidden=\"true\"><use href=\"#tf-fab-google\"><\/use><\/svg><\/em> <\/a> <a href=\"https:\/\/www.tiktok.com\/@cimentiers_dynamiques\"> <em style=\"color:#000000\"><svg aria-hidden=\"true\"><use href=\"#tf-fab-tiktok\"><\/use><\/svg><\/em> <\/a>","_links":{"self":[{"href":"https:\/\/cimentiersdynamiques.com\/index.php\/wp-json\/wp\/v2\/pages\/1359","targetHints":{"allow":["GET"]}}],"collection":[{"href":"https:\/\/cimentiersdynamiques.com\/index.php\/wp-json\/wp\/v2\/pages"}],"about":[{"href":"https:\/\/cimentiersdynamiques.com\/index.php\/wp-json\/wp\/v2\/types\/page"}],"author":[{"embeddable":true,"href":"https:\/\/cimentiersdynamiques.com\/index.php\/wp-json\/wp\/v2\/users\/1"}],"replies":[{"embeddable":true,"href":"https:\/\/cimentiersdynamiques.com\/index.php\/wp-json\/wp\/v2\/comments?post=1359"}],"version-history":[{"count":67,"href":"https:\/\/cimentiersdynamiques.com\/index.php\/wp-json\/wp\/v2\/pages\/1359\/revisions"}],"predecessor-version":[{"id":3878,"href":"https:\/\/cimentiersdynamiques.com\/index.php\/wp-json\/wp\/v2\/pages\/1359\/revisions\/3878"}],"wp:attachment":[{"href":"https:\/\/cimentiersdynamiques.com\/index.php\/wp-json\/wp\/v2\/media?parent=1359"}],"curies":[{"name":"wp","href":"https:\/\/api.w.org\/{rel}","templated":true}]}}